 factors of i.
2
Let v = 14 + -7. Let c = -3 + v. List the prime factors of c.
2
Suppose 0 = -2*i - 8 + 64. List the prime factors of i.
2, 7
List the prime factors of (-42)/(-189) + (-178)/(-9).
2, 5
What are the prime factors of (1064/(-42))/((-2)/6)?
2, 19
Let p = -3 - -3. Suppose p*a = -2*a - 70. Let u = a - -49. What are the prime factors of u?
2, 7
Let v(t) = 11*t**3 - 4*t**2 + 2*t + 3. List the prime factors of v(2).
79
Suppose d = 2*d + 4. Let z(h) = -h - 5. Let u(k) = -1. Let s(n) = -9*u(n) + 2*z(n). What are the prime factors of s(d)?
7
Suppose -3*c + 2*c = 4*a - 17, 4*c = 20. Suppose 4*s = -g + 45, -5*g + 167 = -3*s - 173. Suppose -2*d - 2*o = a*d - g, 3*o = 0. List the prime factors of d.
13
Suppose 22 - 7 = 5*o, 2*o = -4*f + 98. What are the prime factors of f?
23
Let h(k) = -2*k**2 + 3*k**2 + 5*k**2 + k**3 - 2*k**2. Let b be h(-4). Suppose b = -s, -55 = -4*z + 2*s + 33. List the prime factors of z.
2, 11
Suppose -4*z + 10 = 2*k, -3*k = 4*z - 9*z - 15. Suppose z*o + 2*o = 0. Suppose -l + 6 = -o*l. What are the prime factors of l?
2, 3
Let x = 7 - 5. Suppose 9 - 25 = -x*l. What are the prime factors of 0/(-3) + (l - 0)?
2
Let p(a) = 28*a**3 + a - 2. What are the prime factors of p(1)?
3
Suppose -151 = -5*a - m, 4*m + 0*m = a - 26. What are the prime factors of a?
2, 3, 5
Let n(p) = 3*p**3 + 8*p**2 - 7*p - 9. List the prime factors of n(4).
283
Suppose 2*f = p + 79, 3*p - 7*p = -4. List the prime factors of f.
2, 5
Suppose x - 15 = 5*z, -x + 2*x + 17 = -3*z. Let y = z - -4. Suppose y - 24 = -2*o. What are the prime factors of o?
2, 3
Let k = 6 - 8. Let v = k - -3. Let y = v + 9. List the prime factors of y.
2, 5
Suppose 5*x - 253 + 23 = 0. What are the prime factors of x?
2, 23
Suppose 8 = 3*c - 0*k + 2*k, 1 = -2*c + 5*k. What are the prime factors of (c/(-3))/(10/(-165))?
11
Suppose -j - j + 167 = 5*v, 5*v = 4*j - 259. List the prime factors of j.
71
Let l be -48*(-2)/8*2. Suppose -36 = -2*q + l. What are the prime factors of q?
2, 3, 5
Suppose -2*s + 5*r + 2 = -4, 8 = 4*r. List the prime factors of s.
2
Let d = 0 - -3. Suppose 4*x + 9 = -2*u + u, -d*x - 4 = -2*u. What are the prime factors of (-8)/x - (-1 + -1)?
2, 3
Suppose -6*r = -2*r - 32. Let t be -12*(1 - r/6). List the prime factors of t/14 - (-36)/21.
2
Let r(b) = -3*b + 3. What are the prime factors of r(-17)?
2, 3
Let i(t) = 67*t**2. What are the prime factors of i(1)?
67
Suppose 0 = -2*x - 2 - 4. Let t = x - -9. What are the prime factors of (-28)/(-3) - t/(-9)?
2, 5
Suppose 4*p - 9 = p. Suppose 4*f - 2*f + 3*n = -p, 0 = f - 4*n + 7. What are the prime factors of (-3 - f) + 10 + -1?
3
Suppose 2*f - 4*f = 0. Suppose f = x + 2 - 4. Let g = 3 + x. What are the prime factors of g?
5
Let x(j) = 8. Let u(r) be the first derivative of -r**2/2 - 3. Let f(n) = 2*u(n) - x(n). List the prime factors of f(-9).
2, 5
Let c(i) = -7*i - 11. What are the prime factors of c(-10)?
59
Suppose 3*h - h = 8. Suppose h*a + 2*p + 3*p + 7 = 0, 5 = -2*a - 3*p. Suppose 6*t - 40 = a*t. List the prime factors of t.
2, 5
Let x(o) = -o**2 + 7*o. Let k = -8 - -14. Let h be x(k). Let g = h + 5. List the prime factors of g.
11
Let d = -34 - -51. What are the prime factors of d?
17
Let x = 118 + -70. List the prime factors of x.
2, 3
Let x(d) = -4*d - 4. Let q(j) = 3*j + 3. Let g(u) = -6*q(u) - 4*x(u). Suppose 5*l = -19 - 16. What are the prime factors of g(l)?
2, 3
Suppose -a + 0*a + 6 = 0. Let m be (-3)/12 - (-6)/(-8). Let u = a + m. List the prime factors of u.
5
Let b be -4 + ((-4)/(-2) - 0). What are the prime factors of 0 - b - (-2 - -1)?
3
List the prime factors of ((-471)/(-2))/((-30)/(-20)).
157
Let p(c) = 2*c**3 + 2*c**2 + 4*c - 1. Let z(b) = 3*b**3 + 3*b**2 + 5*b - 2. Let v(i) = 4*p(i) - 3*z(i). What are the prime factors of v(-4)?
2, 23
What are the prime factors of 182/3 - (-36)/27?
2, 31
Let r(p) = -p**2 + 3*p + 5. Let m be r(6). Let o(u) = -u**2 + 11*u - 6. Let f be o(4). Let g = f + m. List the prime factors of g.
3
Suppose 0 = -5*f + 3*k - 198, -k + 72 = -2*f + 2*k. Let o = -14 - f. What are the prime factors of o?
2, 7
Suppose y + 4*o = -2, 2*y + 5*o = o + 4. What are the prime factors of y?
2, 3
Let l(q) be the third derivative of -q**4/24 + q**3/2 + 2*q**2. What are the prime factors of l(-14)?
17
Let v be (-1 - 53)/(-8 - -7). Suppose -v = -k - 3*k - 3*n, 5*n + 55 = 3*k. What are the prime factors of k?
3, 5
Suppose 6*p - 1603 - 65 = 0. List the prime factors of p.
2, 139
Let w be 867/11 - 2/(-11). Suppose -4*d = -t + 4*t - w, 2*d = -5*t + 57. Suppose -2*o + 3*o - d = -5*b, -4*b + 24 = -2*o. What are the prime factors of b?
2
Let a(o) = -o**3 + 9*o**2 - 8*o + 7. Let t be a(8). Let p = -12 + t. Let s(u) = u + 12. What are the prime factors of s(p)?
7
Let x(l) = -2*l - 5. Let z(p) = -6*p - 16. Let m(k) = -7*x(k) + 2*z(k). What are the prime factors of m(6)?
3, 5
Let j be 6/(-15) + (-54)/(-10). Let v(a) = -3*a**2 - 10*a - 9. Let l(q) = 7*q**2 + 21*q + 19. Let f(k) = j*v(k) + 2*l(k). List the prime factors of f(-6).
5
Suppose -5*y - 5*r = -145, 89 = 4*y + 2*r - 7*r. What are the prime factors of y?
2, 13
Let u = -540 + 761. List the prime factors of u.
13, 17
Let y(d) = 246*d. Let x be y(-3). Let w = x + 435. List the prime factors of w/(-18) + (-4)/(-24).
17
List the prime factors of ((-148)/8)/(1/(-2)).
37
Let i be 21/7 - (1 + -1). Suppose 3*k + 4*r + 18 = 4*k, -i*k + 54 = 3*r. What are the prime factors of k?
2, 3
Let m = -11 - -8. Let b be m/(-9) + (-53)/(-3). Suppose 2*j + 2 = b. What are the prime factors of j?
2
Let a = 9 + -7. Suppose -a*f + 18 + 2 = 0. What are the prime factors of f?
2, 5
Suppose 4*y = -0*y + 800. Suppose -2*u - 3*u + y = 0. Suppose 2*h - u = -2*h. List the prime factors of h.
2, 5
Let i = 16 - 3. List the prime factors of 2 + 0 + -2 + i.
13
Suppose 1428 = 6*m + 60. What are the prime factors of m?
2, 3, 19
Let w(r) = -r + 5. Let c be w(7). Let n be -2*(c - -9) - -1. Let g = -7 - n. What are the prime factors of g?
2, 3
Suppose 0 = 5*b + f - 0*f + 85, 0 = -b + 4*f - 38. Let c be b/(-12)*212/6. Suppose -5*m + c = 8. List the prime factors of m.
3
Suppose -2577 + 7421 = 14*g. What are the prime factors of g?
2, 173
Let j = 81 - 28. List the prime factors of j.
53
Suppose 2*x - 7*x + 20 = 0, -140 = -2*n - 4*x. Suppose -a - a = -n. What are the prime factors of a?
31
Suppose f = -2*d + 11, 3*f + 0*f - 21 = -2*d. Suppose -o - 7 = d. List the prime factors of (2/1)/(o/(-45)).
3
What are the prime factors of 45/30*(-4)/(-2)?
3
Suppose -2*o = -4 - 2. Suppose -3 = 4*f + o*s, 0 = -5*f - 2*s + 6 - 1. Suppose 45 + 9 = f*y. List the prime factors of y.
2, 3
Suppose -4*i - 2 = -2*x, -3*x - 4*i = -0*i - 13. List the prime factors of x.
3
Let z = -88 - -155. List the prime factors of z.
67
Let b be 1/(-5) + 12/10. Let c be b + 2/((-2)/25). Let q = -11 - c. List the prime factors of q.
13
Let b = -90 + 196. List the prime factors of b.
2, 53
Let p(d) = -3*d**3 - 6*d**2 - 6*d. List the prime factors of p(-3).
3, 5
What are the prime factors of 1*(4 - 3) - -145?
2, 73
List the prime factors of 20/(-2)*3/((-6)/32).
2, 5
Suppose -2*s = -3*s - 1. What are the prime factors of s/1*-4*2?
2
Let z(k) be the second derivative of -k**5/60 + 7*k**4/24 - k**3/2 + 3*k**2/2 + k. Let r(v) be the first derivative of z(v). List the prime factors of r(5).
7
Let r(b) = -3*b + 12. Let v be r(8). Let d = 25 + v. What are the prime factors of d?
13
Suppose 0 = m + 5*t + 16, 3*m - 4 - 12 = t. List the prime factors of m.
2
Suppose 3*w = -3*w + 192. What are the prime factors of w?
2
Let p(k) be the second derivative of -k**5/20 + k**4/2 - k**3/2 - 7*k**2/2 + k. What are the prime factors of p(5)?
3
Let g = 76 - 108. Let p = g + 49. List the prime factors of p.
17
Let d = -34 + 64. List the prime factors of d.
2, 3, 5
Suppose 2*k + 3 - 15 = 0. Suppose 16 = 2*l - 5*s - 1, 3*l = -3*s - k. List the prime factors of 1*4*2 - l.
7
Suppose 4*x = x - 6. List the prime factors of ((0 - x) + -3)*-7.
7
Let s(v) = v**3 + 7*v**2 - 11*v + 12. List the prime factors of s(-8).
2, 3
Suppose -15 = 5*v, -t - 2*v - 3 = -0. Suppose 54 = -5*o + m, 7*m = -5*o + t*m - 34. Let f = o - -19. What are the prime factors of f?
3
Suppose 3*k - 3*u - 65 + 14 = 0, 3*k + 4*u - 72 = 0. What are the prime factors of k?
2, 5
Let o(j) = 